4) + -2).
3, 5
Suppose -2*m - 5*h + 9361 = -5494, -m - 4*h + 7435 = 0. What are the prime factors of (1/3)/(6/(m - -1))?
2, 103
Suppose 319505 = 37*d + 79486. List the prime factors of d.
13, 499
Suppose -8*u = 13 - 53. Suppose -5*t = -3*n + 5289, -4*n + 5*t - 1743 = -u*n. What are the prime factors of n?
2, 3, 293
Suppose -28 = -4*n - 4*v, 8*n - 25 = 3*n - 3*v. Let z be (-2)/4*(n + -2). Suppose -40 + z = -5*m. List the prime factors of m.
2
Suppose 3*p = 2*h - 1, 3 = -2*h + 2*p + 7. Suppose -s = -h*s. Suppose s = i - 48 - 65. List the prime factors of i.
113
List the prime factors of (-18982)/(4/9*(-144)/32).
9491
Let c(z) = z**3 - 11*z**2 - 9*z - 32. Let w be c(12). What are the prime factors of w/6 - 114415/(-147)?
19, 41
Let c(z) = -6*z + 111. Suppose 0 = 3*g - 3*y + 106 - 28, -2*y - 56 = 2*g. What are the prime factors of c(g)?
3, 7, 13
Let s(d) = -9*d - 40. Let k be s(-5). Suppose -k*o - 931 = -4*m, -m + 169 + 69 = 4*o. List the prime factors of m.
2, 3, 13
Let f = 13610 - -5968. Suppose 48*r - f = 35*r. What are the prime factors of r?
2, 3, 251
Let o(s) = -s**2 - 5*s + 8. Let r be o(-6). Suppose -r*y - y = 9. What are the prime factors of (86/y)/((-4)/12)?
2, 43
Suppose -18424 - 22954 = -10*n + 55542. List the prime factors of n.
2, 2423
Let y(g) = -8*g - 46. Let s = 63 + -71. List the prime factors of y(s).
2, 3
Suppose -173883 = -59*t + 167420 - 72617. What are the prime factors of t?
2, 3, 11, 23
Suppose -d + 3*c - 247 = 0, 7 = c + 3. What are the prime factors of (1 + -8)/(-6 - d/40)?
2, 7
Suppose -46*n + 66375 + 74293 = 0. List the prime factors of n.
2, 11, 139
Suppose -220*t + 51367 = -218*t + g, -5*t + 128419 = g. What are the prime factors of t?
2, 6421
Suppose -2907 = -r - 19*k + 17*k, 0 = 3*r - k - 8756. What are the prime factors of r?
2917
Let u(k) = -600*k - 2. List the prime factors of u(-15).
2, 11, 409
Let x be -4 + -1 - -5*(-1)/5. Let g be 1/((-1)/x) + -1. Suppose 113 = g*z + 13. List the prime factors of z.
2, 5
Suppose -147*u - 34*u = -627165. What are the prime factors of u?
3, 5, 7, 11
Suppose -5*k + 3*a + 1386 = 0, 3*a + 282 = k + 4*a. Let f = -92 + k. What are the prime factors of f?
11, 17
Let r = 34038 + -7105. What are the prime factors of r?
23, 1171
Let d(m) = -1624*m + 9831. What are the prime factors of d(-43)?
29, 41, 67
Let t(m) = -m**3 + 43*m**2 - 134*m + 1. What are the prime factors of t(31)?
47, 157
What are the prime factors of (39575/15)/((6 - 9)/(-9))?
5, 1583
Suppose -25*h = -19*h - 6. Let v be -16 - -61 - (-4)/h. Suppose -u - 24 = -v. List the prime factors of u.
5
Suppose -82*r - 15*r = -1901394. List the prime factors of r.
2, 3, 11
Suppose -99 + 9 = -5*g. Suppose 1680 = 3*d - 14*w + g*w, d - w - 553 = 0. List the prime factors of d.
2, 139
Let x = -168 + 456. Let d = x - 271. List the prime factors of d.
17
Let s be (7/(-4))/((-7)/(-56)). What are the prime factors of (-3 + 2)/((s/788)/7)?
2, 197
List the prime factors of (-23)/((-92)/77060) + -20.
3, 5, 1283
Let z(i) = -i**2 + 7*i - 6. Let l be z(6). Suppose -4*g + 152 = -28. Suppose t + 6 - g = l. List the prime factors of t.
3, 13
Let d = -61183 - -98592. List the prime factors of d.
37409
Let b(d) = -80*d - 2. Suppose 0 = 11*z - 7*z - 36. Let f = -12 + z. List the prime factors of b(f).
2, 7, 17
Suppose 6*a - 4*p = -p - 1050, a - 3*p + 185 = 0. Let n = 307 + a. What are the prime factors of n?
2, 67
Suppose -22*j - 5 = -23*j. Suppose 4*q - 32 = -j*g, -4*q + 1 = g - 5*q. List the prime factors of (g/(-12) + 759/36)*4.
83
Suppose 0 = 287*k - 1290700 - 17104772 + 3623008. List the prime factors of k.
2, 3217
List the prime factors of -750*((-99)/18)/11*6.
2, 3, 5
Suppose -6*t + 4 = 4 - 12. List the prime factors of t.
2
Suppose -24*h + 28*h = 7*g - 333539, -3*g = 2*h - 142923. List the prime factors of g.
5, 13, 733
Let f(w) = 1075*w - 456. Let g be f(6). Suppose -2*a + 2*y + 3996 = -0*a, -3*a + 5*y + g = 0. List the prime factors of a.
2, 3, 37
Let p(o) = -o**2 + 28*o + 71. Let s(z) = 3*z**2 + 13*z + 26. Let v be s(-4). What are the prime factors of p(v)?
7, 29
Let h be (-19)/(-38)*-9*(-4)/(-3). Let u(g) = 50*g**2 + g. Let m be u(-1). Let t = m - h. What are the prime factors of t?
5, 11
Suppose -h + 825 = -6*h. Let x = h + -7. Let v = x - -263. What are the prime factors of v?
7, 13
Let a(o) = -24*o + 9*o + 77 + 24*o. What are the prime factors of a(5)?
2, 61
Suppose 83*b - 84*b = -7610. What are the prime factors of b?
2, 5, 761
Let d(m) = 541*m - 885. What are the prime factors of d(20)?
5, 1987
Suppose 3*a = -0*a + 6. Suppose 0*l + 385 = 11*l. Let n = l + a. List the prime factors of n.
37
Suppose 5*f + 15*m - 62 = 16*m, 0 = -4*f + 4*m + 40. Suppose f*y - 2118 = 7*y. List the prime factors of y.
353
Suppose -s = i + 1 - 3, 3*i = -s - 2. Suppose -s*o - p + 149 = -2*o, 4*p - 64 = -o. Let q = o - -8. What are the prime factors of q?
2, 3, 7
Suppose -20100 = -483*c + 480*c. List the prime factors of c.
2, 5, 67
Let k(i) = -127*i - 25. Let z(w) = 384*w + 74. Let m(d) = -10*k(d) - 3*z(d). List the prime factors of m(4).
2, 5
Suppose 22*y - 6245 = 21*y + z, 24968 = 4*y - 2*z. List the prime factors of y.
17, 367
Suppose 3*k + 299 = 302. List the prime factors of (-2)/(-6)*k*-614*-3.
2, 307
Let b = 42190 - 18242. What are the prime factors of b?
2, 5987
Let u be -2 - (11 + -4)*1. Let o(c) = c**3 + 9*c**2 + 5*c + 8. Let p be o(u). Let s = p - -282. List the prime factors of s.
5, 7
Suppose -3288 - 19188 = -4*t. List the prime factors of t.
3, 1873
Let b(n) = n**3 - 5*n**2 - 54*n + 129. What are the prime factors of b(17)?
3, 19, 47
Suppose 121086 = 3783*i - 3769*i. What are the prime factors of i?
3, 31
Let d(c) = -c**2. Let r(t) = -17*t**2 - 40*t - 4. Let l(g) = 2*d(g) - r(g). List the prime factors of l(-7).
3, 17
Let v(k) = 2*k**2 + 41*k - 39. Let l be v(-40). Let h = l - 788. List the prime factors of h.
733
Let d(j) = j**3 - 17*j**2 + 31*j - 10. Let o be d(15). Suppose -o*x + 630 = -4*x - s, -s = -3*x + 1880. What are the prime factors of x?
5
Let t(d) = -d**3 - 36*d**2 - 135*d + 371. What are the prime factors of t(-49)?
3, 7, 17, 107
Let v(k) = -k**2 - 29*k + 46. Let b be v(-28). Suppose b*o - 65*o = 1683. What are the prime factors of o?
11, 17
Let v(k) = k**2 - 9*k - 7. Let m be v(10). Suppose 4*s - u = 6*s - 739, m*u = 3. What are the prime factors of s?
3, 41
Let g = -46 - -13. Let i be (-3)/((-6)/4) - g/11. Suppose 2*s + p - 93 = s, -i*s + 477 = -p. List the prime factors of s.
5, 19
Let m(g) = 2*g**3 - 7*g**2 - g - 6. Let f be m(5). Let i be 3/9 + 3 + f/(-12). Let y(p) = -10*p**3 + 2*p**2 + 3*p. What are the prime factors of y(i)?
2, 41
Let s = -92929 - -133405. What are the prime factors of s?
2, 3, 3373
Let v be (-2 - (1 - 3))/(1 + -2). Suppose -55*r + 51*r = v. Suppose -255 = -4*w + 3*m, -2*m - 258 = -4*w - r*m. List the prime factors of w.
2, 3, 11
Let q(x) = -x**3 - 7*x**2 + 16*x - 18. Let s be q(-9). Suppose s = 4*r - 4806 - 2150. List the prime factors of r.
37, 47
Suppose -14*z + 94568 = -195260. What are the prime factors of z?
2, 11, 941
Let y(z) = -6*z**2 + 19*z - 4. Let n be y(3). What are the prime factors of -112*((-5)/5 + n)?
2, 7
Suppose -4*m = -3*t - 0*m + 16, 5*m + 20 = -3*t. Let r(s) = -3*s**2 + 56 + 21*s + 2*s + t*s**2 + 4*s**2. List the prime factors of r(-23).
2, 7
Let a(w) = -432*w + 4375. What are the prime factors of a(-25)?
5, 607
Let s(t) = -t**3 + 15*t**2 - 11*t - 35. Let k be s(14). Suppose 0 = 3*i + u - 703, -k*u - 916 = -4*i - 3*u. What are the prime factors of i?
233
Suppose -8 = 5*s - 4*m, -2*s + 2*m + 4 - 8 = 0. Suppose s = j - 116 - 192. What are the prime factors of j?
2, 7, 11
Suppose -4*r = 5*z - 14637, 5*r - 2766 = -4*z + 15528. List the prime factors of r.
2, 31, 59
Suppose -4*t - 2208 = -r - 9*t, -r + 4*t = -2190. What are the prime factors of r?
2, 7, 157
Let t(n) = 8*n + 36. Let c = -361 - -377. What are the prime factors of t(c)?
2, 41
Let y(o) = 5*o + 38. Let s be y(-7). What are the prime factors of -4 + 3 + (-623)/((-3)/s)?
2, 311
Let r(u) = 2*u**2 - 9*u - 1. Let k = -159 + 170. List the prime factors of r(k).
2, 71
Let o = -755 + 1541. Let v = o + -477. List the prime factors of v.
3, 103
Let f(z) = -209*z - 5133. List the prime factors of f(-49).
2, 1277
Suppose -3*t + 424 - 454